te i(x).
4
Suppose 15*b = 11*b. Suppose -4*o + 4 = -b. Let m(n) = 4*n. Let k(p) = -12*p. Let t(j) = -6*k(j) - 20*m(j). What is t(o)?
-8
Let i(t) = 0 + t**2 - 7 + 1 - 105*t + 107*t. Let g be i(-4). Let p(v) = 2*v**2 - 3*v. What is p(g)?
2
Let w(m) be the first derivative of 11*m**3/3 - 19*m**2/2 - 8*m + 70. Let h(s) = -8*s**2 + 13*s + 5. Let a(p) = -7*h(p) - 5*w(p). Calculate a(-4).
5
Suppose -2*v - 594 = 7*u - 6*u, -u - 6*v - 606 = 0. Let w = u + 588. Let s(p) = -p + 51. Calculate s(w).
51
Let r(q) be the third derivative of 0*q + 5/12*q**4 - 1/2*q**3 + 0 - q**2. Calculate r(2).
17
Let q(l) = 27 - 30 - 25*l - 168. Give q(-6).
-21
Let z(k) = 25*k - 1. Let m(c) = -c**3 - 11*c**2 + 11*c + 9. Let u be m(-12). Suppose -18 = 3*r - u. Calculate z(r).
24
Let o be (-4)/(-4) + (0 - -3)/1. Suppose -7*h = -18 + o. Let m(q) = 705 - 2*q - 11*q**h + q**3 - 695 + q. Give m(11).
-1
Let b(a) = -10*a**2 + 2*a + 9. Let i(d) = 33*d**2 - 7*d - 27. Let o(p) = -7*b(p) - 2*i(p). Determine o(-2).
7
Let c = -4 - -6. Suppose 5 = 5*n, n - 11 = -c*d - 4*n. Let z(u) be the third derivative of -u**4/6 - 2*u**3/3 - 100*u**2 - 4*u - 6. Give z(d).
-16
Suppose 48*k = 282*k + 2808. Let n(z) = -z**3 - 13*z**2 - 8*z - 14. Give n(k).
-62
Let b(y) = 54*y - 97*y + 42*y + 6. Let s be (7 + -2)*(-6)/(-2). Let m = -8 + s. Calculate b(m).
-1
Let p(r) = -2*r + 2. Let m(g) = -223 - g - 4*g + 459 - 231. Let t(h) = -m(h) + 2*p(h). Determine t(2).
1
Suppose i + 3 = 7. Let a be 3 - 20/8 - i/8. Suppose a = -4*m - 0*m - 24. Let f(p) = p**3 + 6*p**2 - 7. What is f(m)?
-7
Let q(w) = w**3 + 3*w**2 - 5*w - 6. Let b be (-26)/((-910)/(-147)) - (-1)/5. Give q(b).
-2
Let h(z) be the second derivative of -z**4/12 - 8*z**3/3 - 13*z**2/2 + 1440*z + 1. Let r(y) = y**3 - 14*y**2 - 16*y. Let i be r(15). Give h(i).
2
Let s(l) be the third derivative of 1/60*l**5 + 0*l + 0 - 7/6*l**3 + 28*l**2 + 1/24*l**4 + 1/120*l**6. Calculate s(0).
-7
Let f(l) be the third derivative of -l**4/6 + 21*l**3/2 + 572*l**2 - 2. What is f(11)?
19
Let h = -2487 - -2491. Let k(c) = -c**2 + 3*c - 6. Calculate k(h).
-10
Let x(m) = 0*m**2 - 7*m**2 - 3*m**2 - 2*m + 1. Let y be 62/14 + 126/(-294). Suppose q - y*o + 2 + 1 = 0, 0 = -5*q - 4*o + 9. Calculate x(q).
-11
Let k(b) be the second derivative of 1/3*b**3 + 33 - 1/2*b**2 - 1/6*b**4 + 2*b + 7/20*b**5. What is k(1)?
6
Let k(s) = 6*s**3 - 7*s**2 - 6*s - 4. Let p be k(2). Let y(g) = -3*g**3 + 14*g**2 - 10*g - 9. Give y(p).
-17
Let x = -627 - -633. Let g(z) be the first derivative of z**3/3 - z**2 + 2*z - 11. Calculate g(x).
26
Let c(g) = g + 14. Let y = 638 + -645. Determine c(y).
7
Let z(a) = a**2 + 6*a. Let d(p) = 2*p**3 - p**2 + 5*p - 2. Let m be d(3). Suppose -o = -5*w - 53, -266*w + 264*w = -2*o + 122. Let b = m - o. What is z(b)?
-5
Let p(s) = -21*s**3 + 10*s**2 + 6*s - 8. Let w(y) = -13*y**3 + 5*y**2 + 3*y - 4. Let c(f) = -3*p(f) + 5*w(f). Give c(-2).
6
Let i = -3 - -10. Let n(b) = 12*b**3 + 19*b**2 + 19*b + 1. Let x(z) = -7*z**3 - 10*z**2 - 10*z. Let g(r) = 4*n(r) + 7*x(r). Determine g(i).
-3
Suppose 2*c + 18 = 11*c. Suppose c*n = -2*p + 20, 42 = 5*p + n + 2*n. Let v(s) = s + 1. Let b(y) = 1. Let k(z) = 3*b(z) - v(z). Calculate k(p).
-4
Let v(z) = -3*z. Let d be (-3)/(6/(-106)) + (-23 - -22). Suppose -d*c + 55*c = -297. Let b = c + 106. Determine v(b).
-21
Let q(x) be the second derivative of x**4/12 - 11*x**3/6 - 4*x**2 + 9*x. Let h = 679 - 668. Calculate q(h).
-8
Let w(h) = -2 + 11*h**3 - 12*h**3 - 111*h**2 - 136*h**2 + 238*h**2 + 25*h. Give w(2).
4
Let h(q) = -q**2 - 7*q - 7. Let x be h(-5). Let l(n) = n**3 + 56 - n**2 - 4*n - n - 125 + 71. What is l(x)?
5
Suppose -11*z - 39*z = 8*z + 464. Let p(f) = 2*f - 26. Determine p(z).
-42
Suppose -29*p + 122 = -748. Let g = 33 - p. Let h(s) = -s**2 + 2*s + 3. What is h(g)?
0
Let o(z) be the first derivative of -9/2*z**2 + 1/3*z**3 + 3*z + 8. Let c be ((-64)/12)/((-6)/9). Calculate o(c).
-5
Suppose 0 = 7*s - 28. Suppose 3*f = 12 - 3, s*f + 4 = -4*c. Let b(g) = 5*g + 1 + g**2 + 13 - 10. Determine b(c).
0
Let w(v) = -v**3 + 0*v - 7*v - 13 + 7161*v**2 - 2*v - 7170*v**2. What is w(-6)?
-67
Let g(s) be the first derivative of 2*s**3/3 - 26*s**2 - 44*s - 4982. Calculate g(27).
10
Let k(y) = -9*y - 122. Let v = -24457 - -24444. Determine k(v).
-5
Suppose 5*j + 4*b - 278 = 172, -4*j - 3*b + 360 = 0. Let o be (-2)/(-6)*(-7)/((-35)/j). Let n(a) = a**2 - 3*a - 13. Determine n(o).
5
Let u(r) be the second derivative of r**5/20 - 11*r**4/12 + 4*r**3/3 + 5*r**2 - 3994*r. What is u(8)?
-118
Let t(s) = s**2 + 8*s - 9. Let v be t(-9). Suppose v = -6*a + 5*a + 42. Let f = a - 46. Let g(m) = -m + 5. Determine g(f).
9
Let h(i) be the third derivative of 1/24*i**4 - 1/6*i**3 - 1 - 3/20*i**5 + 0*i - 21*i**2. What is h(1)?
-9
Let c(t) = 38*t**2 - 342*t - 184. Let v(w) = -27*w**2 + 244*w + 131. Let m(k) = -12*c(k) - 17*v(k). What is m(15)?
-4
Let f(s) = s**2 - 12*s + 4. Suppose 67*n - 621 = -2*n. Give f(n).
-23
Suppose -38*y + 54 = -35*y. Let f be (y/27)/(1*(-6)/63). Let o(h) = 2*h + 10. Give o(f).
-4
Let v(q) = -q**3 + 46*q**2 - 6*q - 4. Let k(r) = -2*r**3 + 79*r**2 - 11*r - 8. Let n(z) = -3*k(z) + 5*v(z). Suppose 14 = -0*g + 2*g. Determine n(g).
25
Let a(i) be the third derivative of 0 - 2*i + 1/60*i**5 + 3*i**2 + 7/24*i**4 - 5/6*i**3. Determine a(-4).
-17
Let b(h) be the third derivative of 19*h**7/840 + h**6/360 + h**5/120 + 14*h**3/3 + 117*h**2. Let k(q) be the first derivative of b(q). What is k(-1)?
-19
Let q(m) = 23*m - 99. Let t(y) = -29*y + 105. Let c(j) = 6*q(j) + 5*t(j). Give c(-6).
-27
Suppose d = 3*z - 2 - 1, -3*z - d + 9 = 0. Let i be 204/119*7/z. Let y(l) = -l**3 + 5*l**2 + 7*l - 6. What is y(i)?
0
Suppose 3 + 1 = 4*g. Let u(v) = -8*v - 3. Let r(l) = -l**2 - 25*l - 16. Let t be r(-24). Let f(n) = 12*n + 5. Let i(b) = t*u(b) + 5*f(b). Determine i(g).
-3
Suppose 0*b = 5*b + 30. Let o(h) = -3*h**2 - 8*h - 4. Let z(x) = 0*x**2 + 12 + 4*x**2 + 6*x - 8 + 3*x. Let k(s) = 3*o(s) + 2*z(s). Calculate k(b).
-4
Let g(o) = -o**2 - 19*o + 1. Let j(x) = -5*x + 72. Let a(f) = -1. Let y(l) = -3*a(l) - j(l). Let m be y(10). Determine g(m).
1
Let a(n) be the first derivative of -9*n - 6*n**2 + 3*n**2 + 2*n**2 + 7 + 17*n. Give a(7).
-6
Let x(r) be the third derivative of 1/120*r**6 + 20 - 1/6*r**4 + 1/15*r**5 - 6*r**2 + 0*r - 1/3*r**3. Give x(-4).
14
Let z(d) be the first derivative of -2*d**3 + 1/4*d**4 + 3*d - d**2 + 113. Let t(c) = -7*c**3 - 1. Let h be t(-1). What is z(h)?
-9
Let j(v) = 3*v**2 - 64*v + 221. Let g be j(17). Let b(i) be the second derivative of 1/20*i**5 + 7*i - 5/2*i**2 + g + 5/6*i**3 + 1/2*i**4. Give b(-5).
-5
Let m(y) = -16*y + 5. Let s = -730 + 734. Determine m(s).
-59
Let v = -3169 - -3172. Suppose -27 = -4*n + 5*a, -6*n + n + 6 = 3*a. Let q(w) = -5*w + n*w**2 + 2*w**2 - 1 - 4*w**2 + 0. Give q(v).
-7
Let m = 21924 + -21918. Let z(l) = l**2 + 12*l - 14. Calculate z(m).
94
Let n(l) be the first derivative of 122*l**2 + 66 - 59*l**2 - 64*l**2 - l - l. Give n(7).
-16
Let l(d) = 3*d**2 - d + 2. Let i be l(-3). Let g(m) = 2*m**2 + 1 + 2*m - m**2 - 32*m**3 - i*m**3 + 69*m**3. Suppose 0*w - 3 = 3*w. Calculate g(w).
-5
Let d = 13 - 8. Let b(c) = -10 - 1 - c + 12. Let x(p) = -2*p + 1. Let m(z) = b(z) - 2*x(z). Calculate m(d).
14
Suppose 4*q - 14*q - 12*q + 66 = 0. Let d(a) = -a**3 + a**2 + 5*a - 2. Give d(q).
-5
Let c(x) = x**2 + 3*x + 4. Let u be c(-3). Suppose 2*b = u*b + 10. Let v(l) be the third derivative of -l**6/120 - l**5/10 - l**4/6 - 280*l**2 - 1. Give v(b).
-5
Let u be 4/(-6 - (-564)/90). Let f(k) = k**2 - 22*k + 109. Let m be f(u). Let o(h) = 5*h**3 + h**2 - 6*h**3 - 3 - 2*h + 4*h**2. What is o(m)?
5
Let g(h) be the third derivative of 11*h**5/30 + h**4/3 - 25*h**3/6 + 3270*h**2. Calculate g(3).
197
Let w(z) = -13*z**2 - 46*z + 98. Let l(v) = 6*v**2 + 23*v - 40. Let k(i) = 9*l(i) + 4*w(i). Give k(-14).
102
Let t(n) = 96*n - 10155. Let k be t(106). Let b(o) be the third derivative of o**5/60 - 5*o**4/6 - 19*o**3/6 - o**2. Calculate b(k).
2
Let x(o) = -o - 12*o + 16*o - 6*o + 2*o**2 + 3 - 8. Calculate x(0).
-5
Let f(j) = -j**2 - 17*j - 29. Let h be f(-12). Let w = -23 + h. Suppose -17 = -w*k + 15. Let t(x) = x**2 - 3*x + 4. Determine t(k).
8
Let k(w) = -3*w + 2. Let b = -4896 - -4904. Calculate k(b).
-22
Let q(j) = j**3 + j**2 - 1. Let k